 digit of g?
5
Suppose -3*n + z = -369, -2*z + z - 125 = -n. What is the tens digit of n?
2
Let t = -2 - -4. Suppose -3*l + 1 = -t*l. What is the units digit of l + -2 + 3 - -2?
4
Let n(a) = -a**2 - 3*a + 4. Let q be n(-3). Suppose q*v - s - 8 = 3*s, 4*s = 2*v + 6. What is the units digit of v?
7
Let q = 11 + -16. Let d(f) be the second derivative of -f**5/20 - f**4/3 + 5*f**3/6 + 3*f**2/2 + 4*f. What is the units digit of d(q)?
3
Let q be (-5 + -1)*28/(-6). Let o = 52 - q. What is the tens digit of o?
2
Let b(f) = -f**3 + 11*f**2 + 6. Let k be b(11). Suppose -2 = 2*a - k. What is the units digit of a?
2
Let w be ((-36)/(-16))/((-1)/8). Let y be 2 - (0 - w) - 1. Let i = y - -37. What is the units digit of i?
0
Let w(x) = x**3 - 5*x**2 - 6*x + 2. Let o be w(6). Let g(l) = -1 - l**o - 2 - 7*l - l**2 + l**2. What is the units digit of g(-6)?
3
Let i(b) be the first derivative of 3*b**2/2 - 8*b + 7. What is the units digit of i(4)?
4
Let r = -72 - -194. What is the units digit of r?
2
Suppose q + 0*q - 17 = 0. Suppose 0 = 3*t + 4*p + q, 2*t - 7 = -4*p - 21. What is the units digit of ((-2)/t)/(6/27)?
3
What is the tens digit of 95 + ((-8)/(-6))/((-10)/15)?
9
Suppose -98 - 42 = 5*t. What is the units digit of (t/(-21))/(2/15)?
0
What is the units digit of (-12)/(-10)*55/2?
3
Suppose 2*t = -3*t + 15, -2*l - 5*t = -21. Let a = 33 - 25. What is the units digit of a/(l + 2 + -3)?
4
Let l be (2 - -1)/6*4. Suppose -3*u = -l*u - 17. What is the units digit of u?
7
Suppose -4 = -6*y + 26. Suppose -5*f = -y - 20. What is the units digit of f?
5
Let a = 51 + -34. What is the units digit of a*((-2 - 0) + 3)?
7
Let l(p) be the first derivative of -1/4*p**4 + 0*p**2 + 5/3*p**3 + 3*p - 2. What is the units digit of l(5)?
3
Let z be 0*3/6 + -1. Let w be (-14 + (-1 - -2))/z. Suppose 3*x - w = k + 8, -2*k + 12 = 3*x. What is the units digit of x?
6
Let k = -26 + 52. What is the units digit of k?
6
Suppose 0*s = 3*s - 6. Suppose 2*h = 2 + s. Suppose -5 = -h*k + 7. What is the units digit of k?
6
Let c(l) = 2*l**2 + 15*l - 6. What is the tens digit of c(-11)?
7
Let b be (-2)/(2/2*-1). Let j(i) = 5*i - 4*i**2 + 4*i**3 - 5*i**3 - 6 - b*i. What is the units digit of j(-5)?
4
Let i(w) = -w**3 + 3*w**2 + 6*w - 5. Let b be i(4). Let d(v) = -v**b - 2*v - 2*v - 5*v**2 + v**2. What is the units digit of d(-3)?
3
Suppose k = -0*k + 37. What is the units digit of k?
7
Let f = -16 + 19. Suppose 4*x + 4 = -4*z + 24, f*z - 2*x - 10 = 0. What is the units digit of z?
4
Suppose -q = -5 - 0. Suppose -s = -q*s. Suppose s = 5*b + 2*n - 45, -n + 2 - 25 = -4*b. What is the units digit of b?
7
Let a(s) = s**3 + 4*s**2 + s + 2. Let f = 1 - 3. What is the units digit of a(f)?
8
Suppose -7*r + 126 = -434. What is the units digit of r?
0
Let u = 42 - 22. Suppose 2*b - 80 = -u. Suppose 4*t = s - 14, b = 6*s - 2*s - 3*t. What is the units digit of s?
6
Suppose -237 = -5*u + 403. Suppose 0 = w + 3*w + v - u, -3*v = 5*w - 153. What is the tens digit of w?
3
Suppose 8 = 4*v + 5*c - 12, 5*c - 20 = -5*v. Suppose 74 = 5*p + 3*n + 13, 4*p + 5*n - 41 = v. What is the tens digit of p?
1
Let w = -47 + 88. What is the tens digit of w?
4
Let z(n) = 3*n - 3. Let y be z(2). Let f be 1 + 2 - y - -9. What is the units digit of (f/6)/(6/68)?
7
Let l(r) = 3*r - 3*r - r**3 - 2*r + 24 + r. What is the units digit of l(0)?
4
Suppose -5*s + 256 = -689. What is the hundreds digit of s?
1
Suppose 4*t = 3*d - 274, -5*t + 35 + 31 = d. What is the units digit of d?
6
Suppose g - 2*x = -g + 102, 5*g = -5*x + 305. What is the units digit of g?
6
Let f(d) = -d + 6. Let p be f(7). What is the units digit of p*1 - (-8 - -6)?
1
Suppose 3*r = -3*j - 15, 0 = 3*j + 15 - 6. What is the units digit of -7*(-1)/(r/(-2))?
7
Let r(t) be the third derivative of 1/60*t**5 + 0*t - 3*t**2 + 0 - 1/6*t**3 - 1/24*t**4. What is the units digit of r(5)?
9
Let c(m) = 156*m - 1. What is the hundreds digit of c(1)?
1
Let z = 20 + -22. What is the tens digit of 114*(3/z - -2)?
5
Suppose -3*k - 241 = -5*s - 2*k, -2*k + 106 = 2*s. Let w = 83 - s. What is the units digit of w?
4
Let c = 3 - -13. Let h = c + -11. Suppose h*y - 24 = 1. What is the units digit of y?
5
Suppose 0 = 2*c - 9 + 1. Suppose 5*y + 35 = -4*m - 12, -2*m - 28 = c*y. Let n = -1 - m. What is the units digit of n?
7
Let l(g) = -4*g. Let r be l(-1). Suppose -20 = -4*m, -22 = f - 4*m - 3. What is the units digit of 46/r + f/(-2)?
1
Let j(x) be the third derivative of x**6/30 - x**5/30 + x**4/8 - x**3/2 + 3*x**2. What is the tens digit of j(2)?
2
Let d(j) = -2*j**3 + 4*j**2 - 8. Let n(b) = 3*b**3 - 3*b**2 + 8. Suppose 24 = -5*p + 4. Let z(s) = p*d(s) - 3*n(s). What is the units digit of z(-7)?
8
Suppose 4*q = 0, f - 2*q - 7 = -0*f. Let s = 9 - f. What is the units digit of s?
2
Let v(n) = n**3 - 4*n**2 - 5*n + 3. Let g be v(5). Suppose -9 = -g*j + 54. What is the tens digit of j?
2
Suppose -5*g = 10, -4*l + 5*g = g - 168. What is the units digit of l?
0
Suppose -2*o = 3*o - 20. Let v(y) = y**2 - y - 3. What is the units digit of v(o)?
9
Let c = 0 + 0. Suppose 4*g - p - 36 = c, -p + 4 = 3*g + 4*p. Let m = g - 3. What is the units digit of m?
5
Let j = -51 + 24. Let u = -13 - j. What is the tens digit of u?
1
Suppose 7*b - 2*b - 13 = -l, -5*l + 3*b - 47 = 0. Let o be l/(-5) - 4/10. Suppose -13 = -2*h + o. What is the units digit of h?
7
Suppose 2*y - 19 = y. What is the tens digit of y?
1
Let l be (0 - 0)/((-1)/1). Suppose q + q = -10. Let i = l - q. What is the units digit of i?
5
Suppose 134 = 5*x - 96. What is the tens digit of x?
4
Let r = 180 + -91. What is the tens digit of r?
8
Let x(o) be the second derivative of 2*o + 1/6*o**3 - 2*o**2 + 0 + 1/12*o**4. What is the units digit of x(-4)?
8
Let h = -3 - -3. Suppose 3*u + 40 = -0*u - 2*z, h = -u - 4*z. Let s = u - -32. What is the tens digit of s?
1
Let h(t) be the second derivative of 5*t**4/6 - t**3/6 + t**2/2 - 2*t. What is the units digit of h(2)?
9
Suppose 0 = 3*t - 5*m + 166 - 755, 0 = 2*m + 4. What is the units digit of t?
3
Let u = -57 - -202. What is the tens digit of u?
4
Let h = 28 + -16. Let z = h + -9. What is the units digit of z?
3
Let x(k) = 4*k - 3. Let m be 8/((-4)/(-1) + -2). Let w be x(m). Let p = 27 - w. What is the units digit of p?
4
Suppose -y - 3 + 5 = 0. Let d be y + -1 + (31 - -6). Let h = -27 + d. What is the tens digit of h?
1
What is the units digit of (-2)/(-3) - (-154)/3?
2
Suppose l + l - 66 = 0. Suppose -y + l = 2*y. Suppose 2*n - 4*n - x + 8 = 0, -2*x - y = -5*n. What is the units digit of n?
3
Let w = -220 + 565. What is the units digit of w?
5
Suppose -78 = -3*s + 36. What is the units digit of s?
8
Suppose 1 = -4*v + 13. Suppose v*l - 1 = -5*a, 4*l + 5*a - 1 = 2. Suppose -5*y = -2*t - 29, y - 3*t - l*t = -8. What is the units digit of y?
7
What is the units digit of (-6)/(-1 - -7) + 214?
3
Let r = 21 + 12. What is the tens digit of r?
3
Suppose 3*q - 8 = -q. Suppose 2*t + q*v = -0*v + 16, 3*v = 2*t - 11. Let m = t + 4. What is the units digit of m?
1
Suppose 4*j - 15 = 41. Suppose -3*z + j = -2*z. What is the units digit of z?
4
Suppose -2*q = 5*x - 2, -4*x = -2*q + 5*q - 3. Suppose x*f + 25 = 5*f - 3*w, 3*f - 16 = 2*w. Suppose f*g + 14 = 4*g. What is the units digit of g?
7
Suppose -m + 165 = -177. What is the units digit of m?
2
Let g(s) = -s**2 - 2. Let x be g(0). Let y be 1/(-2)*0 + 1. What is the units digit of 2 - 3/(x - y)?
3
Suppose 0 = -4*i + 5*i + 2*v - 113, 5*i - 3*v - 539 = 0. What is the tens digit of i?
0
Suppose 4*p + 16 = -0*p. What is the units digit of ((-4)/(-2))/(p/(-6))?
3
Let k(w) = 4*w**3 - 11*w**2 + 4*w - 12. Let z(u) = -5*u**3 + 12*u**2 - 3*u + 13. Let x(b) = -4*k(b) - 3*z(b). What is the units digit of x(7)?
9
Let c = 3 - 5. Let d be ((-1)/(c/(-12)))/(-2). What is the tens digit of (-9)/6*(-22)/d?
1
Let z = -7 + 9. Suppose 0*h = -z*h. Suppose 7*a - 2*a - 65 = h. What is the tens digit of a?
1
Let t = 1 - 1. Let w = 1 + t. What is the units digit of w?
1
Let g be ((-8)/20)/((-2)/60). Suppose 5*k - g = 3. What is the units digit of k?
3
Suppose -192 + 4 = 2*f. Let x = -61 - f. Suppose -x = -d - 2*d. What is the units digit of d?
1
Let s(c) = -c**2 - c + 52. Let y be s(0). Let n = y - 21. What is the units digit of n?
1
Let n(j) = 10*j**2 + j - 6. What is the units digi